 + 7. Suppose x = -3*h - 0*h. Suppose -m = -h*m - 68. What is the remainder when m is divided by 14?
12
Let c = -391 - -563. Suppose 166*j + 42 = c*j. What is the remainder when 18 is divided by j?
4
Suppose 0 = 4*p + 8, -2*p = 5*w - 4*p - 24. Suppose -a = 3*a. Suppose -3*l + 44 - 2 = a. What is the remainder when l is divided by w?
2
Suppose -4*o + 4 = -0, 3*q - 3367 = 2*o. Suppose -3*w + 227 = l - 2*w, 5*l - q = -w. What is the remainder when l is divided by 33?
26
Let i(s) = -s**2 + 90*s + 3249. Calculate the remainder when i(-26) is divided by 77.
2
Suppose -17*z + 13*z = -2*o + 200, -5*z = o - 72. Suppose -4*b + 110 = 3*g - 47, 180 = 4*g - 2*b. Calculate the remainder when o is divided by g.
45
Let k be (-2)/(1*20/(-5) - -3). Suppose -2*a + 38 = k*x, 2*x - 6*a + 4*a - 26 = 0. Calculate the remainder when 142 is divided by x.
14
Let t(o) = -o**3 - 7*o**2 + 24*o - 9. Suppose -39*x - 20 = -43*x. Let j be (-988)/95 - (-2)/x. What is the remainder when t(j) is divided by 20?
11
Let u = 4355 - 4048. Calculate the remainder when u is divided by 21.
13
Suppose 28268 = 34*a + 6644. What is the remainder when a is divided by 123?
21
Suppose -5*h + 19 - 4 = -2*v, 0 = 3*h - 3*v - 9. Suppose 230 = 2*r + 2*w - w, -3*w + 234 = 2*r. Let u = r + -112. What is the remainder when h is divided by u?
1
Suppose 0*d - 4*d + 246 = 5*p, -d - 1 = 0. Suppose -3*q + p = -2*q. Let r = q + -34. Calculate the remainder when 55 is divided by r.
7
Suppose 0 = -2*m + 3*v + 65, 2*m + 10*v - 14*v = 62. What is the remainder when m is divided by 7?
2
Let z = -252 - -329. Suppose -5*p = 3*d - z, -21*d + 4*p = -17*d - 60. What is the remainder when 132 is divided by d?
18
Let j(n) = -n**3 + 10*n**2 + 540*n - 2718. What is the remainder when 546 is divided by j(5)?
11
Let z(s) = 3*s**2 + 5*s + 6. Let p be z(0). Calculate the remainder when 32 is divided by (30/(-4) + p)*-12.
14
Suppose -5*u = -201 - 474. Suppose -41293 = -685*t - 11150 + 18492. Calculate the remainder when u is divided by t.
64
Suppose -20*j + 460 = -30*j. Let f = j - -88. Calculate the remainder when 77 is divided by f.
35
Let q = 1248 + -1046. Suppose 5*t - 27 = -l, -3 + 9 = 2*t. What is the remainder when q is divided by l?
10
Suppose -4*p = 3*f - 390, 0*f + 6 = 3*f. Suppose 252 = 6*k - p. Let o = 83 + k. What is the remainder when o is divided by 24?
21
Let t = -154 - -196. Suppose 4*n - 54 - 30 = 4*d, 3*d = -2*n + t. What is the remainder when (-4)/18 + 920/9 is divided by n?
18
Let c = 174 - 174. Let d(f) = 2*f + 22. Suppose -2*r - 30 = -3*w, 0 = -4*r + 6 + 6. Calculate the remainder when d(c) is divided by w.
10
Let a(y) = -y**2 + 4*y + 3. Let x(m) = 13*m + 4. Let w be x(-5). Let t = 65 + w. What is the remainder when t is divided by a(4)?
1
Let d(x) = 115*x**3 - 38*x**2 + 38*x - 1. Calculate the remainder when 2391 is divided by d(1).
111
Suppose -2*y + 0*y = 5*f - 475, -285 = -3*f - 3*y. Calculate the remainder when 14184/15 + 3 + -7 + (-37)/(-5) is divided by f.
94
Let o = -15929 + 15944. Suppose 2*v - v = 12. Let w = v - -32. What is the remainder when w is divided by o?
14
Let i be 1*(3 + -1 - 1) + 349. Suppose i = 3*l + 5*h - 44, 0 = 5*l - 4*h - 632. Let w = l - 75. Calculate the remainder when 105 is divided by w.
52
What is the remainder when ((63/6)/(-3))/(469/(-30686)) is divided by 140?
89
Suppose 0 = -0*p - 2*p + 6. Suppose 5*x - 2*a - 407 = 92, -5*a - 288 = -p*x. Calculate the remainder when x is divided by 34.
33
Suppose 0 = -3*m + 3*q + 111, 4*q - 135 = -3*m + q. Let u(y) = y**2 + 67*y - 281. Calculate the remainder when u(-72) is divided by m.
38
Let v be 4 + (-125)/35 - 429/21. What is the remainder when 16 is divided by v/90 - (-184)/18?
6
Let w(j) = 104*j - 17. Let c(l) = l**3 + 5*l**2 + 8*l + 8. Let k be c(-3). Calculate the remainder when w(k) is divided by 32.
31
Suppose -2259*p = -2253*p - 396. Let m(w) = -2*w**3 + 4*w**2 + 3*w - 6. What is the remainder when m(-5) is divided by p?
65
Calculate the remainder when 33030 is divided by (14 + (-327)/9)*-4*3/4.
66
Let a(h) = 11*h**3 + 160*h**2 + 25*h - 81. Calculate the remainder when a(-14) is divided by 368.
9
Let q = 18 + -5. Let d be (27/(135/16))/((-2)/(-5)). Let h(c) = 14*c - 106. Calculate the remainder when q is divided by h(d).
1
Let j(t) = 33*t - 756. What is the remainder when 45 is divided by j(24)?
9
Let l be (1 - 5) + (0 + -2)*2. Let a(y) = -y**2 - 9*y + 3. Suppose 32 = 4*r - 4*v, 5*r - 8 = -3*v - 0. What is the remainder when a(l) is divided by r?
3
Let d(v) = -v**2 - 2*v + 2. Let o be d(0). Suppose 5*l = 2*r + 390, -70 = 3*l - 4*l + o*r. Calculate the remainder when 1 + (-1 - 4) + l is divided by 20.
16
Suppose 3860 - 820 = 16*w. Calculate the remainder when 362 is divided by w.
172
Calculate the remainder when (157704/384*-4)/(1/(-20)) is divided by 148.
147
Suppose 2*o = 7*o + 15, 2*d - 90 = -4*o. Let j(g) = g**3 + 20*g**2 + 13*g - 94. Calculate the remainder when d is divided by j(-19).
11
Let x = -38 - -44. Suppose 2*v - x + 4 = 0. Calculate the remainder when 22 is divided by (-8)/(v/(-3 + 2)).
6
Suppose 6*s - 4*s - 60 = -4*r, 35 = 3*r - s. Let b be 8/80 - 183/30. What is the remainder when (b/(-5))/(-2) + (-1068)/(-30) is divided by r?
9
Let y = 13 + 2. Let o(u) = -u**3 - 21*u**2 + 4*u + 110. Suppose -24 = 2*r + 18. Calculate the remainder when o(r) is divided by y.
11
Suppose -2*a + 61 + 7 = 0. Suppose -16 = c + 61. Let w = 22 - c. What is the remainder when w is divided by a?
31
Suppose 16*n - 27*n + 33 = 0. Suppose n*c - 2*i = 97, -6*c = -c - 4*i - 163. Calculate the remainder when 152 is divided by c.
28
Let f be ((-96)/(-30))/((-6)/(-75)). Suppose 2*v + v + 3*h - 30 = 0, 5*h - f = -3*v. Calculate the remainder when 12 is divided by v.
2
Let c = 28 - -19. What is the remainder when (-28)/35*6/8 - (-6280)/50 is divided by c?
31
Let o = -25 + 29. Suppose 9*n - 235 = o*n. Let r = -155 - -167. What is the remainder when n is divided by r?
11
Let w(l) = -l**3 + 14*l**2 + 17*l - 29. Let m be w(15). What is the remainder when -6 + 0 + 2 - (-432)/6 is divided by (m/(-2))/(4/(-16)) + 34?
32
Suppose -464*h = -480*h + 8608. Calculate the remainder when h is divided by 49.
48
What is the remainder when 1/((-12)/(-288)) - -4101 is divided by 1369?
18
Let h = -71 + 271. Suppose 0*t - 5*t = h. Let m = 27 - t. What is the remainder when m is divided by 14?
11
Let t(i) = -3*i**3 - 5*i**2 + 5*i - 11. Calculate the remainder when 391 is divided by t(-4).
67
Let d(o) = -o**3 + 3*o**2 - o + 5. Let u be d(6). Let p = u - -156. Let h = 415 - 229. What is the remainder when h is divided by p?
45
Let z(g) = -g**3 + 4*g**2 - 4*g + 3. Let b be z(1). Suppose -5*l + 81 = 2*c + 6, 3*c - 141 = b*l. Calculate the remainder when 100 is divided by c.
10
Let h(k) = 3*k**2 + 72*k - 22. Let v be h(-22). Let d = 324 + v. Calculate the remainder when d is divided by 47.
29
Let z = 61275 + -61270. Suppose 3*i = -5*v + 898, 2*v - 254 = 3*i + 122. What is the remainder when v is divided by z?
2
Suppose -13*q + 2316 = -1779. Calculate the remainder when q is divided by 224.
91
Let x(h) = 2*h**2 + 14*h + 49. Let n be x(-18). Suppose -n = -15*b - 70. Calculate the remainder when 198 is divided by b.
23
Suppose 112*t = 117*t + 1755. Let u = t + 382. Calculate the remainder when u is divided by 14.
3
Let d(q) = 275*q - 2973. Calculate the remainder when d(11) is divided by 44.
8
Suppose 2201*q = 2181*q + 11780. Calculate the remainder when q is divided by 99.
94
Calculate the remainder when 309 is divided by (36/6 - 11)*-2.
9
Suppose 12 = -4*u + 5*f - 5, -u - 4*f + 22 = 0. Suppose -u*b + 6*b - n = 129, -3*n - 24 = -b. Calculate the remainder when 125 is divided by b.
26
Let t(x) = -x**3 + 38*x**2 - 150*x - 84. Calculate the remainder when t(33) is divided by 6.
3
Let u = 431 + -349. Suppose 32*b + 23 = 151. What is the remainder when u is divided by b?
2
Let o = -8 - -60. Let c = o + -3. What is the remainder when c is divided by 26?
23
Suppose 152*o - 130*o = 66. Suppose 2 + 29 = 2*c - 5*g, o*g + 12 = -c. What is the remainder when 159 is divided by c?
0
Let z(x) = 12*x - 168. Let o be z(15). Suppose g - o*g = -3366. What is the remainder when g is divided by 28?
26
Let u = -27 + 54. Let a be (-2)/(-8)*(297 - 13). Let d = a - -9. What is the remainder